77130.
41
What is the remainder when 330121 is divided by 362?
339
What is the remainder when 571400 is divided by 1066?
24
What is the remainder when 549156 is divided by 4706?
3260
Calculate the remainder when 3240615 is divided by 1721.
1693
What is the remainder when 16103416 is divided by 2621?
2613
Calculate the remainder when 51389174 is divided by 3022892.
10
Calculate the remainder when 28388 is divided by 1751.
372
What is the remainder when 622033 is divided by 957?
940
Calculate the remainder when 96787 is divided by 2677.
415
Calculate the remainder when 37416 is divided by 11914.
1674
What is the remainder when 56350146 is divided by 18?
12
Calculate the remainder when 341683 is divided by 229.
15
What is the remainder when 81754 is divided by 1023?
937
What is the remainder when 268212 is divided by 53624?
92
What is the remainder when 255174 is divided by 127499?
176
What is the remainder when 64729016 is divided by 12117?
2
Calculate the remainder when 284229 is divided by 772.
133
What is the remainder when 43438485 is divided by 13?
12
What is the remainder when 18825531 is divided by 6564?
6543
Calculate the remainder when 220070771 is divided by 215.
211
What is the remainder when 251604929 is divided by 4783?
4780
What is the remainder when 308657 is divided by 1276?
1141
Calculate the remainder when 673687638 is divided by 2027.
2026
What is the remainder when 8564941 is divided by 37?
33
What is the remainder when 100020391 is divided by 735444?
7
What is the remainder when 11641866 is divided by 2910464?
10
What is the remainder when 139610 is divided by 644?
506
What is the remainder when 67535956 is divided by 2824?
2820
What is the remainder when 3098083 is divided by 39216?
19
What is the remainder when 73853 is divided by 2938?
403
What is the remainder when 23720837 is divided by 1010?
987
What is the remainder when 2452899 is divided by 48093?
156
Calculate the remainder when 4848752 is divided by 4416.
4400
Calculate the remainder when 28908120 is divided by 39.
33
What is the remainder when 817432 is divided by 2180?
2112
What is the remainder when 350347 is divided by 174331?
1685
What is the remainder when 927658 is divided by 1721?
39
Calculate the remainder when 239262 is divided by 131.
56
Calculate the remainder when 45920392 is divided by 17.
9
Calculate the remainder when 103730136 is divided by 59.
53
Calculate the remainder when 2288110 is divided by 11855.
95
Calculate the remainder when 4739398 is divided by 789897.
16
What is the remainder when 5288743 is divided by 4615?
4568
Calculate the remainder when 75203 is divided by 4422.
29
Calculate the remainder when 134633 is divided by 235.
213
Calculate the remainder when 9805136 is divided by 59067.
14
What is the remainder when 1053651 is divided by 95?
6
What is the remainder when 7737872 is divided by 1547559?
77
What is the remainder when 7337559 is divided by 58700?
59
What is the remainder when 1002664 is divided by 200530?
14
What is the remainder when 7637 is divided by 4551?
3086
Calculate the remainder when 94674 is divided by 4296.
162
Calculate the remainder when 19250659 is divided by 286.
285
What is the remainder when 209479 is divided by 6562?
6057
Calculate the remainder when 31126 is divided by 2868.
2446
Calculate the remainder when 82833750 is divided by 598.
584
Calculate the remainder when 93154 is divided by 4062.
3790
What is the remainder when 1314435 is divided by 437173?
2916
What is the remainder when 267156 is divided by 577?
5
What is the remainder when 58181762 is divided by 110?
12
What is the remainder when 13008 is divided by 1036?
576
What is the remainder when 608808 is divided by 100?
8
Calculate the remainder when 8301 is divided by 1415.
1226
Calculate the remainder when 350013 is divided by 1048.
1029
What is the remainder when 29655963 is divided by 463?
350
What is the remainder when 2103952 is divided by 1413?
1408
What is the remainder when 3957947 is divided by 5334?
119
What is the remainder when 1018697 is divided by 7272?
617
What is the remainder when 632237 is divided by 632233?
4
What is the remainder when 1526843769 is divided by 788?
785
What is the remainder when 14411 is divided by 113?
60
What is the remainder when 9767441 is divided by 3255808?
17
Calculate the remainder when 752680174 is divided by 9.
4
What is the remainder when 254960 is divided by 11263?
7174
Calculate the remainder when 1652217 is divided by 593.
119
Calculate the remainder when 22805 is divided by 3367.
2603
Calculate the remainder when 114147 is divided by 9494.
219
Calculate the remainder when 516250 is divided by 4638.
1432
What is the remainder when 609186 is divided by 101523?
48
Calculate the remainder when 7335066 is divided by 526.
522
What is the remainder when 26180557 is divided by 112?
109
Calculate the remainder when 3218893 is divided by 233.
231
What is the remainder when 1037876 is divided by 267?
47
What is the remainder when 22218689 is divided by 69?
68
Calculate the remainder when 516386 is divided by 841.
12
What is the remainder when 184249 is divided by 528?
505
What is the remainder when 94067170 is divided by 878?
6
Calculate the remainder when 1511064 is divided by 10.
4
What is the remainder when 22834423 is divided by 11?
7
What is the remainder when 4018061 is divided by 28?
5
Calculate the remainder when 42430 is divided by 19536.
3358
Calculate the remainder when 3773089 is divided by 14026.
95
Calculate the remainder when 52591827 is divided by 65.
2
Calculate the remainder when 26834622 is divided by 61.
51
What is the remainder when 13672779 is divided by 135374?
5
Calculate the remainder when 427504 is divided by 333.
265
Calculate the remainder when 35938667 is divided by 7187726.
37
Calculate the remainder when 24706916 is divided by 572.
520
Calculate the remainder when 38058 is divided by 12523.
489
What is the remainder when 1432118 is divided by 157?
121
Calculate the remainder when 1899654 is divided by 2186.
20
What is the remainder when 16374 is divided by 6506?
3362
What is the remainder when 56170693 is divided by 100845?
28
Calculate the remainder when 2135567 is divided by 15.
2
Calculate the remainder when 1970697 is divided by 1597.
1596
Calculate the remainder when 1013973 is divided by 676.
649
What is the remainder when 19065424 is divided by 573?
568
Calculate the remainder when 8402714 is divided by 15.
14
Calculate the remainder when 92019421 is divided by 15336570.
1
What is the remainder when 33333298 is divided by 83752?
2
Calculate the remainder when 4775291 is divided by 4211.
17
What is the remainder when 602443 is divided by 100359?
289
What is the remainder when 7663726 is divided by 5217?
5170
Calculate the remainder when 911244 is divided by 2930.
14
Calculate the remainder when 98427 is divided by 5177.
64
Calculate the remainder when 74526483 is divided by 2120.
3
What is the remainder when 562070 is divided by 56205?
20
Calculate the remainder when 17545910 is divided by 672.
662
Calculate the remainder when 3579575 is divided by 170455.
20
Calculate the remainder when 2093218 is divided by 945.
43
Calculate the remainder when 9393 is divided by 437.
216
What is the remainder when 447771 is divided by 559?
12
What is the remainder when 44081 is divided by 8587?
1146
Calculate the remainder when 14117594 is divided by 470585.
44
What is the remainder when 555698 is divided by 738?
722
What is the remainder when 1651416 is divided by 412718?
544
What is the remainder when 86491149 is divided by 70318?
9
What is the remainder when 1441897 is divided by 1910?
1757
What is the remainder when 571949189 is divided by 51?
50
Calculate the remainder when 2817970 is divided by 92.
10
What is the remainder when 155964 is divided by 1994?
432
What is the remainder when 304 is divided by 43?
3
Calculate the remainder when 4414982 is divided by 46.
40
What is the remainder when 8496849 is divided by 64370?
9
What is the remainder when 6462269 is divided by 61?
51
What is the remainder when 44067539 is divided by 55?
54
Calculate the remainder when 481726971 is divided by 161.
159
What is the remainder when 1137816 is divided by 13386?
6
What is the remainder wh